{"id":105,"date":"2016-11-12T13:01:56","date_gmt":"2016-11-12T12:01:56","guid":{"rendered":"http:\/\/geoprofil.pl\/?page_id=105"},"modified":"2019-11-03T01:06:00","modified_gmt":"2019-11-03T00:06:00","slug":"geodezja","status":"publish","type":"page","link":"https:\/\/geoprofil.pl\/index.php\/oferta\/geodezja\/","title":{"rendered":"GEODEZJA"},"content":{"rendered":"\n<p><span style=\"font-size: inherit;\"><\/span><\/p>\n\n\n<div class='content-column three_fourth'><div style=\"padding-right:20px;\"><ul>\n<li>mapy podstawowe, przegl\u0105dowe i specjalne dla zak\u0142ad\u00f3w g\u00f3rniczych<\/li>\n<li>dokumentacje mierniczo-geologiczne dla zak\u0142ad\u00f3w g\u00f3rniczych<\/li>\n<li>prace geodezyjne dla potrzeb sporz\u0105dzenia dokumentacji mierniczo-geologicznej<\/li>\n<\/ul><\/div><\/div>\n<div class='content-column one_fourth last_column'><p><img loading=\"lazy\" decoding=\"async\" class=\"size-full wp-image-467 aligncenter\" src=\"http:\/\/geoprofil.pl\/wp-content\/uploads\/2019\/11\/mapa2.jpg\" alt=\"\" width=\"285\" height=\"214\" \/><\/p><\/div><div class='clear_column'><\/div>","protected":false},"excerpt":{"rendered":"","protected":false},"author":1,"featured_media":0,"parent":20,"menu_order":0,"comment_status":"closed","ping_status":"closed","template":"","meta":{"footnotes":""},"class_list":["post-105","page","type-page","status-publish","hentry"],"_links":{"self":[{"href":"https:\/\/geoprofil.pl\/index.php\/wp-json\/wp\/v2\/pages\/105","targetHints":{"allow":["GET"]}}],"collection":[{"href":"https:\/\/geoprofil.pl\/index.php\/wp-json\/wp\/v2\/pages"}],"about":[{"href":"https:\/\/geoprofil.pl\/index.php\/wp-json\/wp\/v2\/types\/page"}],"author":[{"embeddable":true,"href":"https:\/\/geoprofil.pl\/index.php\/wp-json\/wp\/v2\/users\/1"}],"replies":[{"embeddable":true,"href":"https:\/\/geoprofil.pl\/index.php\/wp-json\/wp\/v2\/comments?post=105"}],"version-history":[{"count":5,"href":"https:\/\/geoprofil.pl\/index.php\/wp-json\/wp\/v2\/pages\/105\/revisions"}],"predecessor-version":[{"id":477,"href":"https:\/\/geoprofil.pl\/index.php\/wp-json\/wp\/v2\/pages\/105\/revisions\/477"}],"up":[{"embeddable":true,"href":"https:\/\/geoprofil.pl\/index.php\/wp-json\/wp\/v2\/pages\/20"}],"wp:attachment":[{"href":"https:\/\/geoprofil.pl\/index.php\/wp-json\/wp\/v2\/media?parent=105"}],"curies":[{"name":"wp","href":"https:\/\/api.w.org\/{rel}","templated":true}]}}