{"id":25,"date":"2016-11-11T16:55:20","date_gmt":"2016-11-11T15:55:20","guid":{"rendered":"http:\/\/geoprofil.pl\/?page_id=25"},"modified":"2026-03-01T22:09:39","modified_gmt":"2026-03-01T21:09:39","slug":"hydrogeologia","status":"publish","type":"page","link":"https:\/\/geoprofil.pl\/index.php\/oferta\/hydrogeologia\/","title":{"rendered":"HYDROGEOLOGIA"},"content":{"rendered":"<div class='content-column three_fourth'><div style=\"padding-right:20px;\"><ul>\n<li>poszukiwanie i dokumentowanie z\u0142\u00f3\u017c w\u00f3d zwyk\u0142ych, termalnych, leczniczych i solanek,<\/li>\n<li>projektowanie, nadzorowanie i dokumentowanie:\n<ul>\n<li>wierce\u0144 hydrogeologicznych,<\/li>\n<li>odwodnie\u0144 z\u0142\u00f3\u017c kopalin,<\/li>\n<li>wykop\u00f3w budowlanych,<\/li>\n<\/ul>\n<\/li>\n<li>prace i badania terenowe:\n<ul>\n<li>hydrogeologiczne, hydrochemiczne, sozologiczne,<\/li>\n<li>pob\u00f3r pr\u00f3bek w\u00f3d podziemnych i powierzchniowych,<\/li>\n<li>pomiary st\u0119\u017cenia gaz\u00f3w w powietrzu podglebowym (zdj\u0119cie gazowe),<\/li>\n<\/ul>\n<\/li>\n<li>projekty techniczne renowacji, rekonstrukcji i likwidacji otwor\u00f3w wiertniczych<\/li>\n<li>bazy danych<\/li>\n<li>modelowanie przep\u0142ywu w\u00f3d podziemnych<\/li>\n<li>wyznaczanie stref ochronnych uj\u0119\u0107 w\u00f3d<\/li>\n<li>wyznaczanie obszar\u00f3w ochronnych zbiornik\u00f3w w\u00f3d podziemnych<\/li>\n<li>dokumentacje hydrogeologiczne:\n<ul>\n<li>ustalaj\u0105ce zasoby eksploatacyjne uj\u0119\u0107 w\u00f3d podziemnych w tym solanek, w\u00f3d leczniczych i termalnych,<\/li>\n<li>ustalaj\u0105ce zasoby eksploatacyjne\u00a0\u017ar\u00f3de\u0142 naturalnych,<\/li>\n<li>ustalaj\u0105ce zasoby dyspozycyjne w\u00f3d podziemnych obszaru bilansowego,<\/li>\n<li>w zwi\u0105zku z wykonywaniem prac geologicznych w celu wykorzystania ciep\u0142a ziemi,<\/li>\n<li>okre\u015blaj\u0105ce warunki hydrogeologiczne w zwi\u0105zku z:\n<ul>\n<li>projektowaniem odwodnie\u0144 do wydobywania kopalin ze z\u0142\u00f3\u017c,<\/li>\n<li>projektowaniem odwodnie\u0144 budowlanych otworami wiertniczymi,<\/li>\n<li>projektowaniem inwestycji mog\u0105cych zanieczy\u015bci\u0107 wody podziemne,<\/li>\n<li>ustanawianiem obszar\u00f3w ochronnych zbiornik\u00f3w w\u00f3d podziemnych<\/li>\n<\/ul>\n<\/li>\n<\/ul>\n<\/li>\n<li>operaty wodnoprawne na:\n<ul>\n<li>pob\u00f3r w\u00f3d podziemnych i powierzchniowych,<\/li>\n<li>eksploatacj\u0119 urz\u0105dze\u0144 wodnych,<\/li>\n<li>odprowadzanie \u015bciek\u00f3w,<\/li>\n<li>odprowadzanie w\u00f3d opadowych<\/li>\n<\/ul>\n<\/li>\n<li>zg\u0142oszenia wodnoprawne<\/li>\n<\/ul><\/div><\/div>\n<div class='content-column one_fourth last_column'><img loading=\"lazy\" decoding=\"async\" class=\"size-full wp-image-413 aligncenter\" src=\"http:\/\/geoprofil.pl\/wp-content\/uploads\/2019\/11\/otwor.jpg\" alt=\"\" width=\"285\" height=\"214\" \/><\/p>\n<p><img loading=\"lazy\" decoding=\"async\" class=\"size-full wp-image-461 aligncenter\" src=\"http:\/\/geoprofil.pl\/wp-content\/uploads\/2019\/11\/pomiar3.jpg\" alt=\"\" width=\"285\" height=\"214\" \/><\/p>\n<p><img loading=\"lazy\" decoding=\"async\" class=\"size-full wp-image-419 aligncenter\" src=\"http:\/\/geoprofil.pl\/wp-content\/uploads\/2019\/11\/rdzen.jpg\" alt=\"\" width=\"285\" height=\"214\" \/><\/div><div class='clear_column'><\/div>\n","protected":false},"excerpt":{"rendered":"","protected":false},"author":1,"featured_media":0,"parent":20,"menu_order":0,"comment_status":"closed","ping_status":"closed","template":"","meta":{"footnotes":""},"class_list":["post-25","page","type-page","status-publish","hentry"],"_links":{"self":[{"href":"https:\/\/geoprofil.pl\/index.php\/wp-json\/wp\/v2\/pages\/25","targetHints":{"allow":["GET"]}}],"collection":[{"href":"https:\/\/geoprofil.pl\/index.php\/wp-json\/wp\/v2\/pages"}],"about":[{"href":"https:\/\/geoprofil.pl\/index.php\/wp-json\/wp\/v2\/types\/page"}],"author":[{"embeddable":true,"href":"https:\/\/geoprofil.pl\/index.php\/wp-json\/wp\/v2\/users\/1"}],"replies":[{"embeddable":true,"href":"https:\/\/geoprofil.pl\/index.php\/wp-json\/wp\/v2\/comments?post=25"}],"version-history":[{"count":13,"href":"https:\/\/geoprofil.pl\/index.php\/wp-json\/wp\/v2\/pages\/25\/revisions"}],"predecessor-version":[{"id":496,"href":"https:\/\/geoprofil.pl\/index.php\/wp-json\/wp\/v2\/pages\/25\/revisions\/496"}],"up":[{"embeddable":true,"href":"https:\/\/geoprofil.pl\/index.php\/wp-json\/wp\/v2\/pages\/20"}],"wp:attachment":[{"href":"https:\/\/geoprofil.pl\/index.php\/wp-json\/wp\/v2\/media?parent=25"}],"curies":[{"name":"wp","href":"https:\/\/api.w.org\/{rel}","templated":true}]}}