{"id":76,"date":"2016-11-12T02:08:57","date_gmt":"2016-11-12T01:08:57","guid":{"rendered":"http:\/\/geoprofil.pl\/?page_id=76"},"modified":"2019-11-02T22:56:38","modified_gmt":"2019-11-02T21:56:38","slug":"publikacje","status":"publish","type":"page","link":"https:\/\/geoprofil.pl\/index.php\/publikacje\/","title":{"rendered":"PUBLIKACJE"},"content":{"rendered":"<p style=\"text-align: center;\"><div class=\"otw-sc-box shadow-down-right\" style=\"background-color: #FF9F94;\"><div><\/p><br \/>\n<h3 style=\"text-align: center;\"><strong>PROMOCJA<\/strong><\/h3><br \/>\n<p style=\"text-align: center;\"><strong>Przy zakupie kompletu publikacji c<\/strong><strong>ena\u00a0<\/strong><strong>BUDOWY GEOLOGICZNEJ OKOLIC KRYNICY-ZDROJU I MUSZYNY wynosi 30,- z\u0142 + 23% VAT<\/strong><\/p><br \/>\n<p style=\"text-align: center;\">W celu dokonania zakupu skontaktuj si\u0119 telefonicznie lub poprzez <a href=\"http:\/\/geoprofil.pl\/index.php\/kontakt\/\">FORMULARZ KONTAKTOWY<\/a><\/p><br \/>\n<p><\/div><\/div><\/p>\n<div class='content-column three_fourth'><div style=\"padding-right:20px;\"><h3>MAPA GEOLOGICZNA MA\u0141YCH PIENIN I RZYLEG\u0141EJ CZ\u0118\u015aCI BESKIDU S\u0104DECKIEGO (POLSKIE KARPATY ZEWN\u0118TRZNE)<\/h3>\n<p><div class=\"otw-sc-box shadow-down-right\" style=\"background-color: #e8e8e8;\"><div> <strong>Cena za 1 egzemplarz<\/strong> 30,- z\u0142 + 23% VAT.<\/p><br \/>\n<p>W celu dokonania zakupu skontaktuj si\u0119 telefonicznie lub poprzez <a href=\"http:\/\/geoprofil.pl\/index.php\/kontakt\/\">FORMULARZ KONTAKTOWY<\/a>.<\/p><br \/>\n<p>Przy zakupie wi\u0119kszej ilo\u015bci egzemplarzy mo\u017cliwo\u015b\u0107 negocjacji ceny.<\/div><\/div><br \/>\nAutorzy:<\/p>\n<p>Nestor Oszczypko<br \/>\nMarta Oszczypko-Clowes<\/p>\n<p>Instytut Nauk Geologicznych Uniwersytetu Jagiello\u0144skiego<\/p>\n<p>Recenzenci:<br \/>\nRNDr. Franti\u0161ek Marko CSc. (PRIFUK, Bratislava) oraz recenzenci pragn\u0105cy pozosta\u0107 anonimowi<\/p>\n<p>Krak\u00f3w 2017<br \/>\nMa\u0142e Pieniny, po\u0142o\u017cone na wsch\u00f3d od Dunajca, stanowi\u0105 cz\u0119\u015b\u0107 pieni\u0144skiego pasa ska\u0142kowego, b\u0119d\u0105cego stref\u0105 szwu strukturalnego, oddzielaj\u0105cego Karpaty wewn\u0119trzne od zewn\u0119trznokarpackiej pryzmy akrecyjnej. Wzd\u0142u\u017c p\u00f3\u0142nocnej granicy Ma\u0142ych Pienin pas ska\u0142kowy oddzielony jest od p\u0142aszczowiny magurskiej w\u0105sk\u0105, silnie tektonicznie zdeformowan\u0105 stref\u0105, nale\u017c\u0105c\u0105 do jednostki Grajcarka (Birkenmajer, 1977, 1979). W\u00a0obszarze tym p\u0142aszczowina magurska utworzona jest z najm\u0142odszych utwor\u00f3w fliszowych strefy krynickiej, nale\u017c\u0105cych do formacji magurskiej i kremnia\u0144skiej. Formacja piaskowc\u00f3w magurskich (eocen-oligocen) o mi\u0105\u017cszo\u015bci 1500-1600 m buduje najwy\u017csze partie Gorc\u00f3w i Beskidu S\u0105deckiego. Na po\u0142udniowych sk\u0142onach Beskidu, w potokach Bia\u0142a Woda, Czarna Woda, Stary, Sielski i Sopotnicki, udokumentowana zosta\u0142a przez nas (Oszczypko &amp; Oszczypko-Clowes, 2014 i literatura tam\u017ce) obecno\u015b\u0107 oligoce\u0144sko-wczesnomioce\u0144skiej formacji z Kremnej, wcze\u015bniej zaliczanej do paleoce\u0144sko\/eoce\u0144skiej formacji szczawnickiej. Formacja ta od po\u0142udnia graniczy, wzd\u0142u\u017c nasuni\u0119cia, z \u0142uskami Grajcarka, uformowanymi z jurajskich, kredowych i paleoce\u0144skich utwor\u00f3w pelagicznych i\u00a0fliszowych basenu magurskiego, tektonicznie w\u0142\u0105czonych w struktur\u0119 pieni\u0144skiego pasa ska\u0142kowego. Utwory sukcesji Grajcarka, ods\u0142aniaj\u0105ce si\u0119 zar\u00f3wno przed czo\u0142em pasa ska\u0142kowego jak i w jego obr\u0119bie, gdzie wyst\u0119puj\u0105 w oknach tektonicznych razem z formacj\u0105 kremnia\u0144sk\u0105. Jednostki ska\u0142kowe Ma\u0142ych Pienin zbudowane s\u0105 z facjalnie zr\u00f3\u017cnicowanych, jurajsko- wczesnokredowych formacji w\u0119glanowych sukcesji czorszty\u0144skiej, niedzickiej, czertezickiej, braniskiej i pieni\u0144skiej, przykrytych wsp\u00f3ln\u0105 pokryw\u0105 sedymentacyjn\u0105, reprezentowan\u0105 przez p\u00f3\u017anokredowe margle pstre i cienko\u0142awicowy flisz formacji sromowieckiej. Sukcesje te wkomponowane zosta\u0142y w dwie wi\u0119ksze jednostki tektoniczne: wy\u017csz\u0105 p\u0142aszczowin\u0119 pieni\u0144sk\u0105 na po\u0142udniu oraz ni\u017csz\u0105 &#8211; p\u0142aszczowin\u0119 czorszty\u0144sk\u0105 na p\u00f3\u0142nocy. P\u0142aszczowina pieni\u0144ska pocz\u0105tkowo nasuni\u0119ta zosta\u0142a na p\u0142aszczowin\u0119 czorszty\u0144sk\u0105, a nast\u0119pnie obie p\u0142aszczowiny razem nasun\u0119\u0142y si\u0119 na \u0142uski Grajcarka i\u00a0wsp\u00f3lnie zosta\u0142y przefa\u0142dowane. Przy ko\u0144cu wczesnego miocenu p\u0142aszczowiny ska\u0142kowe razem z\u00a0\u0142uskami Grajcarka nasun\u0119\u0142y si\u0119 na p\u0142aszczowin\u0119 magursk\u0105. Dalsze deformacje tektoniczne mia\u0142y miejsce w \u015brodkowym miocenie. Towarzyszy\u0142 im rozw\u00f3j uskok\u00f3w przesuwczych na granicy jednostki Grajcarka i p\u0142aszczowiny magurskiej na p\u00f3\u0142nocy oraz pasma ska\u0142kowego i\u00a0bloku centralno-karpackiego na po\u0142udniu. W ko\u0144cowym etapie ewolucji strukturalnej tego obszaru mia\u0142 miejsce wulkanizm andezytowy oraz rozw\u00f3j uskok\u00f3w poprzecznych, z kt\u00f3rymi powi\u0105zane s\u0105 \u017ar\u00f3d\u0142a w\u00f3d mineralnych (Kro\u015bcienko-Szczawnica), nasyconych dwutlenkiem w\u0119gla (szczawy).<\/p>\n<p>Publikacja zawiera:<\/p>\n<ul>\n<li>Mapa geologiczna Ma\u0142ych Pienin i przyleg\u0142ej cz\u0119\u015bci Beskidu S\u0105deckiego, skala 1:15 000<\/li>\n<li>Przekroje geologiczne przez Ma\u0142e Pieniny<\/li>\n<li>Profile litostratygraficzne Ma\u0142ych Pienin<\/li>\n<li>Tablice fotograficzne<\/li>\n<\/ul><\/div><\/div>\n<div class='content-column one_fourth last_column'><p><img loading=\"lazy\" decoding=\"async\" class=\"size-full wp-image-336 aligncenter\" src=\"http:\/\/geoprofil.pl\/wp-content\/uploads\/2016\/11\/pu4.jpg\" alt=\"\" width=\"200\" height=\"144\" \/><\/p>\n<p><img loading=\"lazy\" decoding=\"async\" class=\"size-full wp-image-335 aligncenter\" src=\"http:\/\/geoprofil.pl\/wp-content\/uploads\/2016\/11\/pu5.jpg\" alt=\"\" width=\"200\" height=\"133\" \/><\/p>\n<p><img loading=\"lazy\" decoding=\"async\" class=\"size-full wp-image-334 aligncenter\" src=\"http:\/\/geoprofil.pl\/wp-content\/uploads\/2016\/11\/pu6.jpg\" alt=\"\" width=\"200\" height=\"134\" \/><\/p><\/div><div class='clear_column'><\/div>\n<div class='content-column three_fourth'><div style=\"padding-right:20px;\"><h3>BUDOWA GEOLOGICZNA OKOLIC KRYNICY-ZDROJU I MUSZYNY (SE CZ\u0118\u015a\u0106\u00a0BESKIDU S\u0104DECKIEGO, ZEWN\u0118TRZNE KARPATY ZACHODNIE)<\/h3>\n<p><div class=\"otw-sc-box shadow-down-right\" style=\"background-color: #e8e8e8;\"><div> <strong>Cena za 1 egzemplarz<\/strong> 40,- z\u0142 + 23% VAT<\/p><br \/>\n<p>W celu dokonania zakupu skontaktuj si\u0119 telefonicznie lub poprzez <a href=\"http:\/\/geoprofil.pl\/index.php\/kontakt\/\">FORMULARZ KONTAKTOWY<\/a>.<\/p><br \/>\n<p>Przy zakupie wi\u0119kszej ilo\u015bci egzemplarzy mo\u017cliwo\u015b\u0107 negocjacji ceny.<\/div><\/div><br \/>\nAutorzy:<\/p>\n<p>Nestor Oszczypko<br \/>\nMarta Oszczypko-Clowes<\/p>\n<p>Instytut Nauk Geologicznych Uniwersytetu Jagiello\u0144skiego<\/p>\n<p>Recenzenci:<br \/>\nprof. U\u015a dr hab. Antoni W\u00f3jcik<br \/>\nprof. dr hab. Witold Zuchiewicz (AGH)<\/p>\n<p>Krak\u00f3w 2010<br \/>\nHistoria bada\u0144 geologicznych w rejonie Krynicy-Zdroju, Tylicza i\u00a0Muszyny liczy ju\u017c 130 lat. Nasze badania geologiczne i\u00a0biostratygraficzne w tym obszarze zosta\u0142y zapocz\u0105tkowane w\u00a0roku 1997. Uzdrowiska Krynica-Zdr\u00f3j i Muszyna usytuowane s\u0105 w\u00a0po\u0142udniowo-wschodniej cz\u0119\u015bci p\u0142aszczowiny magurskiej (bystrzycka, tylicka i krynicka strefa facjalna). Ta cz\u0119\u015b\u0107 p\u0142aszczowiny magurskiej zbudowana jest z utwor\u00f3w fliszowych mieszcz\u0105cych si\u0119 w przedziale czasowym: p\u00f3\u017ana kreda po wczesny miocen. Wiek tych utwor\u00f3w zosta\u0142 ustalony na podstawie bada\u0144 biostratygraficznych (otwornice i nanoplankton wapienny). Najstarsze utwory, turonu-mastrychtu, nale\u017c\u0105ce do formacji \u0142upk\u00f3w pstrych z Malinowej, znane s\u0105 z ods\u0142oni\u0119\u0107 powierzchniowych w Jastrz\u0119biku i Z\u0142ockiem. Utwory najm\u0142odsze nale\u017c\u0105 do wy\u017cszej cz\u0119\u015bci formacji piaskowc\u00f3w magurskich (\u015brodkowy oligocen), formacji malcowskiej (oligocen) oraz formacji z Kremnej (wczesny miocen). Stratygraficzna mi\u0105\u017cszo\u015b\u0107 utwor\u00f3w fliszowych p\u0142aszczowiny magurskiej jest nie mniejsza ni\u017c 2,6 km. Podczas ruch\u00f3w fa\u0142dowych i nasuwczych, kt\u00f3re mia\u0142y miejsce przy ko\u0144cu wczesnego miocenu i w \u015brodkowym miocenie ca\u0142kowita grubo\u015b\u0107 sfa\u0142dowanych utwor\u00f3w p\u0142aszczowiny magurskiej w\u00a0rejonie Krynicy-Zdroju i Muszyny wzros\u0142a do 5,5-7,5 km. Opisywany obszar ma budow\u0119 fa\u0142dowo-blokow\u0105. J\u0105dra antyklin utworzone s\u0105 zazwyczaj z silnie zdeformowanych utwor\u00f3w formacji szczawnickiej, zarzeckiej lub beloweskiej, kt\u00f3re przykrywaj\u0105 p\u0142aty synklinalne formacji magurskiej. Struktury fa\u0142dowe poci\u0119te s\u0105 licznymi uskokami poprzecznymi o kierunku NE-SW. W SE cz\u0119\u015bci Beskidu S\u0105deckiego, licznie wyst\u0119puj\u0105\u00a0\u017ar\u00f3d\u0142a w\u00f3d mineralnych nasyconych dwutlenkiem w\u0119gla (szczawy).<\/p>\n<p>Publikacja zawiera:<\/p>\n<ul>\n<li>Map\u0119 geologiczn\u0105 SE cz\u0119\u015bci Beskidu S\u0105deckiego (N. Oszczypko, M. Oszczypko-Clowes, 2010), skala 1:25 000<\/li>\n<li>Przekroje geologiczne przez SE cz\u0119\u015bci Beskidu S\u0105deckiego, skala 1:25 000<\/li>\n<li>Profile litostratygraficzne SE cz\u015bcci Beskidu S\u0105deckiego<\/li>\n<li>Tablice fotograficzne: osady oligocenu &#8211; wczesnego miocenu S cz\u0119\u015bci strefy krynickiej, typowe litofacje N cz\u0119\u015bci strefy krynickiej, typowe litofacje strefy tylickiej<\/li>\n<\/ul><\/div><\/div>\n<div class='content-column one_fourth last_column'><p><img loading=\"lazy\" decoding=\"async\" class=\"size-full wp-image-333 aligncenter\" src=\"http:\/\/geoprofil.pl\/wp-content\/uploads\/2016\/11\/pu7.jpg\" alt=\"\" width=\"200\" height=\"144\" \/><\/p>\n<p><img loading=\"lazy\" decoding=\"async\" class=\"size-full wp-image-179 aligncenter\" src=\"http:\/\/geoprofil.pl\/wp-content\/uploads\/2016\/11\/pu1.jpg\" alt=\"pu1\" width=\"200\" height=\"164\" \/><\/p>\n<p><img loading=\"lazy\" decoding=\"async\" class=\"size-medium wp-image-180 aligncenter\" src=\"http:\/\/geoprofil.pl\/wp-content\/uploads\/2016\/11\/pu2.jpg\" alt=\"pu2\" width=\"200\" height=\"164\" \/><\/p><\/div><div class='clear_column'><\/div>\n","protected":false},"excerpt":{"rendered":"","protected":false},"author":1,"featured_media":0,"parent":0,"menu_order":0,"comment_status":"closed","ping_status":"closed","template":"","meta":{"footnotes":""},"class_list":["post-76","page","type-page","status-publish","hentry"],"_links":{"self":[{"href":"https:\/\/geoprofil.pl\/index.php\/wp-json\/wp\/v2\/pages\/76","targetHints":{"allow":["GET"]}}],"collection":[{"href":"https:\/\/geoprofil.pl\/index.php\/wp-json\/wp\/v2\/pages"}],"about":[{"href":"https:\/\/geoprofil.pl\/index.php\/wp-json\/wp\/v2\/types\/page"}],"author":[{"embeddable":true,"href":"https:\/\/geoprofil.pl\/index.php\/wp-json\/wp\/v2\/users\/1"}],"replies":[{"embeddable":true,"href":"https:\/\/geoprofil.pl\/index.php\/wp-json\/wp\/v2\/comments?post=76"}],"version-history":[{"count":32,"href":"https:\/\/geoprofil.pl\/index.php\/wp-json\/wp\/v2\/pages\/76\/revisions"}],"predecessor-version":[{"id":438,"href":"https:\/\/geoprofil.pl\/index.php\/wp-json\/wp\/v2\/pages\/76\/revisions\/438"}],"wp:attachment":[{"href":"https:\/\/geoprofil.pl\/index.php\/wp-json\/wp\/v2\/media?parent=76"}],"curies":[{"name":"wp","href":"https:\/\/api.w.org\/{rel}","templated":true}]}}