{"id":79,"date":"2016-11-12T02:09:32","date_gmt":"2016-11-12T01:09:32","guid":{"rendered":"http:\/\/geoprofil.pl\/?page_id=79"},"modified":"2026-03-01T21:15:48","modified_gmt":"2026-03-01T20:15:48","slug":"kontakt","status":"publish","type":"page","link":"https:\/\/geoprofil.pl\/index.php\/kontakt\/","title":{"rendered":"KONTAKT"},"content":{"rendered":"<p>Przedsi\u0119biorstwo Bada\u0144 Geologicznych GEOPROFIL Marcin Kuku\u0142a<\/p>\n<p>ul. J\u00f3zefa Che\u0142mo\u0144skiego 213\/1, 31-348 Krak\u00f3w<\/p>\n<p>tel.: 12 6321115<\/p>\n<p>e-mail: biuro@geoprofil.pl<\/p>\n<p>NIP: 7381899425<\/p>\n<p>REGON: 360597602<\/p>\n<p>Je\u017celi chc\u0105 Pa\u0144stwo nawi\u0105za\u0107 wsp\u00f3\u0142prac\u0119 lub maj\u0105 pytanie to prosz\u0119 si\u0119 z nami skontaktowa\u0107 lub skorzysta\u0107 z formularza.<\/p>\n<p>Wysy\u0142aj\u0105c e-mail na nasz adres lub korzystaj\u0105c z formularza akceptujesz warunki (RODO)\u00a0<a href=\"http:\/\/geoprofil.pl\/rodo\/klauzula_rodo_mk.pdf\" target=\"_blank\" rel=\"noopener noreferrer\">KLAUZULA INFORMACYJNA<\/a><\/p>\n<style type=\"text\/css\" id=\"cspFormShell_9_756879_style\">#cspFormShell_9_756879 {}\n#cspFormShell_9_756879 label {\n\twidth: 100%;\n}\n\/*Fields shell basic*\/\n#cspFormShell_9_756879 input:not([type=\"checkbox\"]):not([type=\"radio\"]),\n#cspFormShell_9_756879 textarea,\n#cspFormShell_9_756879 .cfsListSelect, \n#cspFormShell_9_756879 .cfsCheck,\n#cspFormShell_9_756879 button {\n    padding: 10px;\n    width: 100%;\n    font-size: 12px;\n    line-height: normal;  \tborder: 1px solidrgba(205,205,205,1);\n  \tbackground-color:#ffffff;    hyphens: none;\n    border-radius: 4px;\n    margin: 0;\n    max-width: 100%;\n    vertical-align: baseline;\n  \tdisplay: block;\n  \tcolor: #333;\n  \theight: auto;\n}\n#cspFormShell_9_756879 input:not([type=\"checkbox\"]):not([type=\"radio\"]):focus,\n#cspFormShell_9_756879 textarea:focus,\n#cspFormShell_9_756879 .cfsListSelect:focus, \n#cspFormShell_9_756879 .cfsChec:focus {  \tborder: 1px solid #1b57b7;\n  \tcolor: #1b57b7;}\n#cspFormShell_9_756879 .cfsFieldShell input[type=\"submit\"]:not([type=\"checkbox\"]):not([type=\"radio\"]), \n#cspFormShell_9_756879 .cfsFieldShell input[type=\"reset\"]:not([type=\"checkbox\"]):not([type=\"radio\"]), \n#cspFormShell_9_756879 .cfsFieldShell input[type=\"button\"],\n#cspFormShell_9_756879 .cfsFieldShell button {\n\tcursor: pointer;\n  \tfont-weight: 700;\n    border: 0 none;\n    color: #fff;\n    text-transform: uppercase;\n  \t-webkit-appearance: none;\n}\n#cspFormShell_9_756879 .cfsFieldShell input[type=\"submit\"]:not([type=\"checkbox\"]):not([type=\"radio\"]), \n#cspFormShell_9_756879 .cfsFieldShell input[type=\"button\"],\n#cspFormShell_9_756879 .cfsFieldShell button {  \tbackground-color: #1b57b7;\n  \tbackground-image: none;}\n#cspFormShell_9_756879 .cfsFieldShell input[type=\"submit\"]:not([type=\"checkbox\"]):not([type=\"radio\"]):hover, \n#cspFormShell_9_756879 .cfsFieldShell input[type=\"button\"]:hover,\n#cspFormShell_9_756879 .cfsFieldShell button:hover {  \tbackground-color:rgba(27,87,183,0.7);}\n#cspFormShell_9_756879 .cfsFieldShell input[type=\"reset\"]:not([type=\"checkbox\"]):not([type=\"radio\"]) {  \tbackground-color: #727272;\n  \tbackground-image: none;}\n#cspFormShell_9_756879 .cfsFieldShell input[type=\"reset\"]:not([type=\"checkbox\"]):not([type=\"radio\"]):hover {  \tbackground-color:rgba(114,114,114,0.7);}\n\/* Placeholder text color -- selectors need to be separate to work. *\/\n#cspFormShell_9_756879 ::-webkit-input-placeholder {\n\tcolor: rgba(51, 51, 51, 0.3);\n}\n#cspFormShell_9_756879 :-moz-placeholder {\n\tcolor: rgba(51, 51, 51, 0.3);\n}\n#cspFormShell_9_756879 ::-moz-placeholder {\n\tcolor: rgba(51, 51, 51, 0.3);\n\topacity: 1; \/* Since FF19 lowers the opacity of the placeholder by default *\/\n}\n#cspFormShell_9_756879 :-ms-input-placeholder {\n\tcolor: rgba(51, 51, 51, 0.3);\n}#cspFormShell_9_756879 { width: 100%}#cspFormShell_9_756879 .cfsSuccessMsg { color: #344da8 !important}<\/style><div id=\"cspFormShell_9_756879\" class=\"cfsFormShell\"><form class=\"csfForm\" method=\"post\" action=\"https:\/\/geoprofil.pl\/\">\n<div class=\"supRow cfsFieldsRow\"><div class=\"supSm6 cfsFieldCol\" data-name=\"first_name\" data-type=\"text\"><div class=\"cfsFieldShell cfsField_text\" ><input type=\"text\" name=\"fields[first_name]\" value=\"\" data-name=\"first_name\" required  placeholder=\"Imi\u0119\" \/><\/div><\/div><div class=\"supSm6 cfsFieldCol\" data-name=\"last_name\" data-type=\"text\"><div class=\"cfsFieldShell cfsField_text\" ><input type=\"text\" name=\"fields[last_name]\" value=\"\" data-name=\"last_name\" placeholder=\"Nazwisko\" \/><\/div><\/div><\/div><div class=\"supRow cfsFieldsRow\"><div class=\"supSm12 cfsFieldCol\" data-name=\"email\" data-type=\"email\"><div class=\"cfsFieldShell cfsField_email\" ><input type=\"email\" name=\"fields[email]\" value=\"\" data-name=\"email\" required  placeholder=\"Email\" \/><\/div><\/div><\/div><div class=\"supRow cfsFieldsRow\"><div class=\"supSm12 cfsFieldCol\" data-name=\"subject\" data-type=\"text\"><div class=\"cfsFieldShell cfsField_text\" ><input type=\"text\" name=\"fields[subject]\" value=\"\" data-name=\"subject\" required  placeholder=\"Temat\" \/><\/div><\/div><\/div><div class=\"supRow cfsFieldsRow\"><div class=\"supSm12 cfsFieldCol\" data-name=\"message\" data-type=\"textarea\"><div class=\"cfsFieldShell cfsField_textarea\" ><textarea name=\"fields[message]\" data-name=\"message\" required  placeholder=\"Wiadomo\u015b\u0107\" supRows=\"3\" cols=\"50\"><\/textarea><\/div><\/div><\/div><div class=\"supRow cfsFieldsRow\"><div class=\"supSm12 cfsFieldCol\" data-name=\"recaptcha\" data-type=\"recaptcha\"><div class=\"cfsFieldShell cfsField_recaptcha\" ><label><span class=\"cfsInputLabel\">Potwierd\u017a&nbsp;<\/span><div class=\"g-recaptcha\" data-sitekey=\"6LegygsUAAAAAMa_OcrKTr2LVDQTXT38wVSIIxQW\" data-theme=\"light\" data-type=\"image\" data-size=\"normal\" ><\/div><\/label><\/div><\/div><\/div><div class=\"supRow cfsFieldsRow\"><div class=\"supSm6 cfsFieldCol\" data-name=\"send\" data-type=\"submit\"><div class=\"cfsFieldShell cfsField_submit\" ><input type=\"submit\" name=\"fields[send]\" value=\"Wy\u015blij\" data-name=\"send\" \/><\/div><\/div><div class=\"supSm6 cfsFieldCol\" data-name=\"reset\" data-type=\"reset\"><div class=\"cfsFieldShell cfsField_reset\" ><input type=\"reset\" name=\"fields[reset]\" value=\"Wyczy\u015b\u0107\" data-name=\"reset\" \/><\/div><\/div><\/div><div class=\"supRow cfsFieldsRow\"><div class=\"supSm12 cfsFieldCol\" data-name=\"googlemap_1\" data-type=\"googlemap\"><style type=\"text\/css\" id=\"gmpMapStyles_1_25937\">\n\t#google_map_easy_1_25937 {\n        width: 100%;\n        height: 400px;\n\t\t\t\t\t\t    }\n\t#gmapControlsNum_1_25937 {\n\t\twidth:100%\t}\n\t.gmpMapDetailsContainer#gmpMapDetailsContainer_1_25937 {\n\t\theight:400px;\n\t}\n\t.gmp_MapPreview#google_map_easy_1_25937 {\n\t\t\/*position:absolute;*\/\n\t\twidth: 100%;\n\t}\n\t#mapConElem_1_25937{\n\t\twidth: 100%\t}\n    .gm-style .gm-style-iw-c{\n        padding: 12px!important;\n    }\n\t    <\/style>\n <div class=\"gmp_map_opts\" id=\"mapConElem_1_25937\" data-id=\"1\" data-view-id=\"1_25937\" > <div class=\"gmpMapDetailsContainer\" id=\"gmpMapDetailsContainer_1_25937\"> <i class=\"gmpKMLLayersPreloader fa fa-spinner fa-spin\" aria-hidden=\"true\" style=\"display: none;\"><\/i> <div class=\"gmp_MapPreview \" id=\"google_map_easy_1_25937\"><\/div> <\/div> <div class=\"gmpMapMarkerFilters\" id=\"gmpMapMarkerFilters_1_25937\"> <\/div> <div class=\"gmpMapProControlsCon\" id=\"gmpMapProControlsCon_1_25937\"> <a title=\"WordPress Google Maps Plugin\" style=\"display:none;\" href=\"https:\/\/supsystic.com\/plugins\/google-maps-plugin\/?utm_medium=love_link_hide\" target=\"_blank\">WordPress Google Maps Plugin<\/a><div style=\"clear: both;\"><\/div> <\/div> <div class=\"gmpMapProDirectionsCon\" id=\"gmpMapProDirectionsCon_1_25937\" > <\/div> <div class=\"gmpMapProKmlFilterCon\" id=\"gmpMapProKmlFilterCon_1_25937\" > <\/div> <div class=\"gmpSocialSharingShell gmpSocialSharingShell_1_25937\"> <\/div> <div style=\"clear: both;\"><\/div> <\/div> <\/div><\/div>\n<input type=\"hidden\" name=\"mod\" value=\"forms\"  \/><input type=\"hidden\" name=\"action\" value=\"contact\"  \/><input type=\"hidden\" name=\"id\" value=\"9\"  \/><input type=\"hidden\" name=\"_wpnonce\" value=\"17888b4ec7\"  \/><div class=\"cfsContactMsg\"><\/div><\/form><\/div><span style=\"display: none !important;\" class=\"cfsFormDesc\">eyJpZCI6IjkiLCJsYWJlbCI6ImZvcm11bGFyeiIsImFjdGl2ZSI6IjEiLCJvcmlnaW5hbF9pZCI6IjQiLCJ1bmlxdWVfaWQiOiJ2Ym4yM2EiLCJwYXJhbXMiOnsiZW5hYmxlRm9yTWVtYmVyc2hpcCI6IjAiLCJ0cGwiOnsid2lkdGgiOiIxMDAiLCJ3aWR0aF9tZWFzdXJlIjoiJSIsImJnX3R5cGVfMCI6Im5vbmUiLCJiZ19pbWdfMCI6IiIsImJnX2NvbG9yXzAiOiIjY2RjZGNkIiwiYmdfdHlwZV8xIjoiY29sb3IiLCJiZ19pbWdfMSI6IiIsImJnX2NvbG9yXzEiOiIjY2RjZGNkIiwiYmdfdHlwZV8yIjoiY29sb3IiLCJiZ19pbWdfMiI6IiIsImJnX2NvbG9yXzIiOiIjMWI1N2I3IiwiYmdfdHlwZV8zIjoiY29sb3IiLCJiZ19pbWdfMyI6IiIsImJnX2NvbG9yXzMiOiIjNzI3MjcyIiwiZmllbGRfZXJyb3JfaW52YWxpZCI6IiIsImZvcm1fc2VudF9tc2ciOiJXaWFkb21vXHUwMTViXHUwMTA3IHpvc3RhXHUwMTQyYSB3eXNcdTAxNDJhbmEuIER6aVx1MDExOWt1amVteSB6YSBza29yenlzdGFuaWUgeiBmb3JtdWxhcnphLiIsImZvcm1fc2VudF9tc2dfY29sb3IiOiIjMzQ0ZGE4IiwiaGlkZV9vbl9zdWJtaXQiOiIxIiwicmVkaXJlY3Rfb25fc3VibWl0IjoiIiwidGVzdF9lbWFpbCI6ImJpdXJvQGdlb3Byb2ZpbC5wbCIsInNhdmVfY29udGFjdHMiOiIxIiwiZXhwX2RlbGltIjoiOyIsImZiX2NvbnZlcnRfYmFzZSI6IiIsImZpZWxkX3dyYXBwZXIiOiI8ZGl2IFtmaWVsZF9zaGVsbF9jbGFzc2VzXSBbZmllbGRfc2hlbGxfc3R5bGVzXT5bZmllbGRdPFwvZGl2PiJ9LCJmaWVsZHMiOlt7ImJzX2NsYXNzX2lkIjoiNiIsIm5hbWUiOiJmaXJzdF9uYW1lIiwibGFiZWwiOiIiLCJwbGFjZWhvbGRlciI6IkltaVx1MDExOSIsInZhbHVlIjoiIiwidmFsdWVfcHJlc2V0IjoiIiwiaHRtbCI6InRleHQiLCJtYW5kYXRvcnkiOiIxIiwibWluX3NpemUiOiIiLCJtYXhfc2l6ZSI6IiIsImFkZF9jbGFzc2VzIjoiIiwiYWRkX3N0eWxlcyI6IiIsImFkZF9hdHRyIjoiIiwidm5fb25seV9udW1iZXIiOiIwIiwidm5fb25seV9sZXR0ZXJzIjoiMCIsInZuX3BhdHRlcm4iOiIwIn0seyJic19jbGFzc19pZCI6IjYiLCJuYW1lIjoibGFzdF9uYW1lIiwibGFiZWwiOiIiLCJwbGFjZWhvbGRlciI6Ik5hendpc2tvIiwidmFsdWUiOiIiLCJ2YWx1ZV9wcmVzZXQiOiIiLCJodG1sIjoidGV4dCIsIm1hbmRhdG9yeSI6IjAiLCJtaW5fc2l6ZSI6IiIsIm1heF9zaXplIjoiIiwiYWRkX2NsYXNzZXMiOiIiLCJhZGRfc3R5bGVzIjoiIiwiYWRkX2F0dHIiOiIiLCJ2bl9vbmx5X251bWJlciI6IjAiLCJ2bl9vbmx5X2xldHRlcnMiOiIwIiwidm5fcGF0dGVybiI6IjAifSx7ImJzX2NsYXNzX2lkIjoiMTIiLCJuYW1lIjoiZW1haWwiLCJsYWJlbCI6IiIsInBsYWNlaG9sZGVyIjoiRW1haWwiLCJ2YWx1ZSI6IiIsImh0bWwiOiJlbWFpbCIsIm1hbmRhdG9yeSI6IjEiLCJtaW5fc2l6ZSI6IiIsIm1heF9zaXplIjoiIiwiYWRkX2NsYXNzZXMiOiIiLCJhZGRfc3R5bGVzIjoiIiwiYWRkX2F0dHIiOiIiLCJ2bl9vbmx5X251bWJlciI6IjAiLCJ2bl9vbmx5X2xldHRlcnMiOiIwIiwidm5fcGF0dGVybiI6IjAifSx7ImJzX2NsYXNzX2lkIjoiMTIiLCJuYW1lIjoic3ViamVjdCIsImxhYmVsIjoiIiwicGxhY2Vob2xkZXIiOiJUZW1hdCIsInZhbHVlIjoiIiwidmFsdWVfcHJlc2V0IjoiIiwiaHRtbCI6InRleHQiLCJtYW5kYXRvcnkiOiIxIiwibWluX3NpemUiOiIiLCJtYXhfc2l6ZSI6IiIsImFkZF9jbGFzc2VzIjoiIiwiYWRkX3N0eWxlcyI6IiIsImFkZF9hdHRyIjoiIiwidm5fb25seV9udW1iZXIiOiIwIiwidm5fb25seV9sZXR0ZXJzIjoiMCIsInZuX3BhdHRlcm4iOiIwIn0seyJic19jbGFzc19pZCI6IjEyIiwibmFtZSI6Im1lc3NhZ2UiLCJsYWJlbCI6IiIsInBsYWNlaG9sZGVyIjoiV2lhZG9tb1x1MDE1Ylx1MDEwNyIsInZhbHVlIjoiIiwidmFsdWVfcHJlc2V0IjoiIiwiaHRtbCI6InRleHRhcmVhIiwibWFuZGF0b3J5IjoiMSIsIm1pbl9zaXplIjoiIiwibWF4X3NpemUiOiIiLCJhZGRfY2xhc3NlcyI6IiIsImFkZF9zdHlsZXMiOiIiLCJhZGRfYXR0ciI6IiIsInZuX29ubHlfbnVtYmVyIjoiMCIsInZuX29ubHlfbGV0dGVycyI6IjAiLCJ2bl9wYXR0ZXJuIjoiMCJ9LHsiYnNfY2xhc3NfaWQiOiIxMiIsIm5hbWUiOiJyZWNhcHRjaGEiLCJsYWJlbCI6IlBvdHdpZXJkXHUwMTdhIiwiaHRtbCI6InJlY2FwdGNoYSIsInJlY2FwLXRoZW1lIjoibGlnaHQiLCJyZWNhcC10eXBlIjoiaW1hZ2UiLCJyZWNhcC1zaXplIjoibm9ybWFsIn0seyJic19jbGFzc19pZCI6IjYiLCJuYW1lIjoic2VuZCIsImxhYmVsIjoiV3lcdTAxNWJsaWoiLCJodG1sIjoic3VibWl0IiwiYWRkX2NsYXNzZXMiOiIiLCJhZGRfc3R5bGVzIjoiIiwiYWRkX2F0dHIiOiIifSx7ImJzX2NsYXNzX2lkIjoiNiIsIm5hbWUiOiJyZXNldCIsImxhYmVsIjoiV3ljenlcdTAxNWJcdTAxMDciLCJodG1sIjoicmVzZXQiLCJhZGRfY2xhc3NlcyI6IiIsImFkZF9zdHlsZXMiOiIiLCJhZGRfYXR0ciI6IiJ9LHsiYnNfY2xhc3NfaWQiOiIxMiIsIm5hbWUiOiIiLCJsYWJlbCI6IkZyaWVkbGVpbmEiLCJwbGFjZWhvbGRlciI6IiIsInZhbHVlIjoiMSIsImh0bWwiOiJnb29nbGVtYXAiLCJtYW5kYXRvcnkiOiIwIiwiYWRkX2NsYXNzZXMiOiIiLCJhZGRfc3R5bGVzIjoiIiwiYWRkX2F0dHIiOiIifV0sIm9wdHNfYXR0cnMiOnsiYmdfbnVtYmVyIjoiNCJ9fSwiaW1nX3ByZXZpZXciOiJzaW1wbGUtd2hpdGUucG5nIiwidmlld3MiOiI0NTU2IiwidW5pcXVlX3ZpZXdzIjoiMzAxOCIsImFjdGlvbnMiOiIxOTkiLCJzb3J0X29yZGVyIjoiMCIsImlzX3BybyI6IjAiLCJhYl9pZCI6IjAiLCJkYXRlX2NyZWF0ZWQiOiIyMDE2LTA1LTAzIDE1OjAxOjAzIiwiaW1nX3ByZXZpZXdfdXJsIjoiaHR0cHM6XC9cL2dlb3Byb2ZpbC5wbFwvd3AtY29udGVudFwvcGx1Z2luc1wvY29udGFjdC1mb3JtLWJ5LXN1cHN5c3RpY1wvYXNzZXRzXC9mb3Jtc1wvaW1nXC9wcmV2aWV3XC9zaW1wbGUtd2hpdGUucG5nIiwidmlld19pZCI6IjlfNzU2ODc5Iiwidmlld19odG1sX2lkIjoiY3NwRm9ybVNoZWxsXzlfNzU2ODc5IiwiY29ubmVjdF9oYXNoIjoiYmViODUyZWU3ZTc1NTMwYzVjZTU2ZWExZDE3MTdlYmEifQ==<\/span>\n","protected":false},"excerpt":{"rendered":"<p>Przedsi\u0119biorstwo Bada\u0144 Geologicznych GEOPROFIL Marcin Kuku\u0142a ul. J\u00f3zefa Che\u0142mo\u0144skiego 213\/1, 31-348 Krak\u00f3w tel.: 12 6321115 e-mail: biuro@geoprofil.pl NIP: 7381899425 REGON: 360597602 Je\u017celi chc\u0105 Pa\u0144stwo nawi\u0105za\u0107 wsp\u00f3\u0142prac\u0119 lub maj\u0105 pytanie to prosz\u0119 si\u0119 z nami skontaktowa\u0107 lub skorzysta\u0107 z formularza. Wysy\u0142aj\u0105c e-mail na nasz adres lub korzystaj\u0105c z formularza akceptujesz warunki (RODO)\u00a0KLAUZULA INFORMACYJNA<\/p>\n","protected":false},"author":1,"featured_media":0,"parent":0,"menu_order":0,"comment_status":"closed","ping_status":"closed","template":"","meta":{"footnotes":""},"class_list":["post-79","page","type-page","status-publish","hentry"],"_links":{"self":[{"href":"https:\/\/geoprofil.pl\/index.php\/wp-json\/wp\/v2\/pages\/79","targetHints":{"allow":["GET"]}}],"collection":[{"href":"https:\/\/geoprofil.pl\/index.php\/wp-json\/wp\/v2\/pages"}],"about":[{"href":"https:\/\/geoprofil.pl\/index.php\/wp-json\/wp\/v2\/types\/page"}],"author":[{"embeddable":true,"href":"https:\/\/geoprofil.pl\/index.php\/wp-json\/wp\/v2\/users\/1"}],"replies":[{"embeddable":true,"href":"https:\/\/geoprofil.pl\/index.php\/wp-json\/wp\/v2\/comments?post=79"}],"version-history":[{"count":14,"href":"https:\/\/geoprofil.pl\/index.php\/wp-json\/wp\/v2\/pages\/79\/revisions"}],"predecessor-version":[{"id":494,"href":"https:\/\/geoprofil.pl\/index.php\/wp-json\/wp\/v2\/pages\/79\/revisions\/494"}],"wp:attachment":[{"href":"https:\/\/geoprofil.pl\/index.php\/wp-json\/wp\/v2\/media?parent=79"}],"curies":[{"name":"wp","href":"https:\/\/api.w.org\/{rel}","templated":true}]}}