{"id":97,"date":"2016-11-12T12:59:52","date_gmt":"2016-11-12T11:59:52","guid":{"rendered":"http:\/\/geoprofil.pl\/?page_id=97"},"modified":"2019-11-03T01:18:12","modified_gmt":"2019-11-03T00:18:12","slug":"geologia-zloz","status":"publish","type":"page","link":"https:\/\/geoprofil.pl\/index.php\/oferta\/geologia-zloz\/","title":{"rendered":"GEOLOGIA Z\u0141\u00d3\u017b"},"content":{"rendered":"<div class='content-column three_fourth'><div style=\"padding-right:20px;\"><ul>\n<li>projekty prac geologicznych dla rozpoznania z\u0142\u00f3\u017c\u00a0kopalin<\/li>\n<li>dokumentacje geologiczne z\u0142\u00f3\u017c kopalin<\/li>\n<li>projekty zagospodarowania z\u0142\u00f3\u017c<\/li>\n<li>operaty ewidencyjne zasob\u00f3w z\u0142\u00f3\u017c kopalin<\/li>\n<li>plany ruchu zak\u0142ad\u00f3w g\u00f3rniczych<\/li>\n<\/ul><\/div><\/div>\n<div class='content-column one_fourth last_column'><p><img loading=\"lazy\" decoding=\"async\" class=\"size-full wp-image-480 aligncenter\" src=\"http:\/\/geoprofil.pl\/wp-content\/uploads\/2019\/11\/zloze.jpg\" alt=\"\" width=\"285\" height=\"214\" \/><\/p><\/div><div class='clear_column'><\/div>\n","protected":false},"excerpt":{"rendered":"","protected":false},"author":1,"featured_media":0,"parent":20,"menu_order":0,"comment_status":"closed","ping_status":"closed","template":"","meta":{"footnotes":""},"class_list":["post-97","page","type-page","status-publish","hentry"],"_links":{"self":[{"href":"https:\/\/geoprofil.pl\/index.php\/wp-json\/wp\/v2\/pages\/97","targetHints":{"allow":["GET"]}}],"collection":[{"href":"https:\/\/geoprofil.pl\/index.php\/wp-json\/wp\/v2\/pages"}],"about":[{"href":"https:\/\/geoprofil.pl\/index.php\/wp-json\/wp\/v2\/types\/page"}],"author":[{"embeddable":true,"href":"https:\/\/geoprofil.pl\/index.php\/wp-json\/wp\/v2\/users\/1"}],"replies":[{"embeddable":true,"href":"https:\/\/geoprofil.pl\/index.php\/wp-json\/wp\/v2\/comments?post=97"}],"version-history":[{"count":6,"href":"https:\/\/geoprofil.pl\/index.php\/wp-json\/wp\/v2\/pages\/97\/revisions"}],"predecessor-version":[{"id":481,"href":"https:\/\/geoprofil.pl\/index.php\/wp-json\/wp\/v2\/pages\/97\/revisions\/481"}],"up":[{"embeddable":true,"href":"https:\/\/geoprofil.pl\/index.php\/wp-json\/wp\/v2\/pages\/20"}],"wp:attachment":[{"href":"https:\/\/geoprofil.pl\/index.php\/wp-json\/wp\/v2\/media?parent=97"}],"curies":[{"name":"wp","href":"https:\/\/api.w.org\/{rel}","templated":true}]}}